{"id":113,"date":"2025-07-27T10:36:25","date_gmt":"2025-07-27T10:36:25","guid":{"rendered":"https:\/\/web.massivoequiposvideoytv.com\/?post_type=product&#038;p=113"},"modified":"2025-07-27T10:36:26","modified_gmt":"2025-07-27T10:36:26","slug":"panel-de-control-ptz-pro","status":"publish","type":"product","link":"https:\/\/web.massivoequiposvideoytv.com\/?product=panel-de-control-ptz-pro","title":{"rendered":"Panel de Control PTZ Pro"},"content":{"rendered":"<p>Compatible con SONY, PANASONIC, DATAVIDEO, Lumens, \u00d3ptica PTZ, AIDA, Marshall y otras c\u00e1maras, configuraci\u00f3n simple, f\u00e1cil de operar; tiene un bot\u00f3n de canal de acceso directo de c\u00e1mara de 7 canales y 3 botones de rotaci\u00f3n infinita. Modo de enfoque manual y autom\u00e1tico para un cambio flexible. Es un dispositivo indispensable para transmisi\u00f3n y transmisi\u00f3n en vivo, eventos, conferencias, educaci\u00f3n, telemedicina.<\/p>\n<p>Incorpora protocolos principales como VISCA, SONY VISCA, PELCO P \/ D, compatible con cualquier c\u00e1mara PTZ bajo el protocolo VISCA est\u00e1ndar y el protocolo SONY VISCA personalizado para c\u00e1maras SONY, compatible con la serie SONY SRG.<\/p>\n","protected":false},"excerpt":{"rendered":"<p>Compatible con SONY, PANASONIC, DATAVIDEO, Lumens, \u00d3ptica PTZ, AIDA, Marshall y otras c\u00e1maras, configuraci\u00f3n simple, f\u00e1cil de operar; tiene un bot\u00f3n de canal de acceso directo de c\u00e1mara de 7<\/p>\n","protected":false},"featured_media":114,"comment_status":"open","ping_status":"closed","template":"","meta":[],"product_brand":[],"product_cat":[16],"product_tag":[28,32],"class_list":{"0":"post-113","1":"product","2":"type-product","3":"status-publish","6":"product_cat-camara","7":"product_tag-camara-ptz","8":"product_tag-control-ptz","10":"first","11":"instock","12":"shipping-taxable","13":"purchasable","14":"product-type-simple"},"_links":{"self":[{"href":"https:\/\/web.massivoequiposvideoytv.com\/index.php?rest_route=\/wp\/v2\/product\/113","targetHints":{"allow":["GET"]}}],"collection":[{"href":"https:\/\/web.massivoequiposvideoytv.com\/index.php?rest_route=\/wp\/v2\/product"}],"about":[{"href":"https:\/\/web.massivoequiposvideoytv.com\/index.php?rest_route=\/wp\/v2\/types\/product"}],"replies":[{"embeddable":true,"href":"https:\/\/web.massivoequiposvideoytv.com\/index.php?rest_route=%2Fwp%2Fv2%2Fcomments&post=113"}],"wp:featuredmedia":[{"embeddable":true,"href":"https:\/\/web.massivoequiposvideoytv.com\/index.php?rest_route=\/wp\/v2\/media\/114"}],"wp:attachment":[{"href":"https:\/\/web.massivoequiposvideoytv.com\/index.php?rest_route=%2Fwp%2Fv2%2Fmedia&parent=113"}],"wp:term":[{"taxonomy":"product_brand","embeddable":true,"href":"https:\/\/web.massivoequiposvideoytv.com\/index.php?rest_route=%2Fwp%2Fv2%2Fproduct_brand&post=113"},{"taxonomy":"product_cat","embeddable":true,"href":"https:\/\/web.massivoequiposvideoytv.com\/index.php?rest_route=%2Fwp%2Fv2%2Fproduct_cat&post=113"},{"taxonomy":"product_tag","embeddable":true,"href":"https:\/\/web.massivoequiposvideoytv.com\/index.php?rest_route=%2Fwp%2Fv2%2Fproduct_tag&post=113"}],"curies":[{"name":"wp","href":"https:\/\/api.w.org\/{rel}","templated":true}]}}