{"id":117,"date":"2025-07-27T10:51:56","date_gmt":"2025-07-27T10:51:56","guid":{"rendered":"https:\/\/web.massivoequiposvideoytv.com\/?post_type=product&#038;p=117"},"modified":"2025-07-27T10:51:56","modified_gmt":"2025-07-27T10:51:56","slug":"nscaster-ndi-4k","status":"publish","type":"product","link":"https:\/\/web.massivoequiposvideoytv.com\/?product=nscaster-ndi-4k","title":{"rendered":"NSCaster NDI 4K"},"content":{"rendered":"<p>El mas completo sistema de producci\u00f3n para televisi\u00f3n.<\/p>\n<p>NSCaster 4K NDI, con toda la tecnolog\u00eda de la exigencia de alto nivel para la producci\u00f3n de alta calidad.<\/p>\n<p>6 Entradas SDI (720, 1080, 2160)<\/p>\n<p>&nbsp;<\/p>\n","protected":false},"excerpt":{"rendered":"<p>El mas completo sistema de producci\u00f3n para televisi\u00f3n. NSCaster 4K NDI, con toda la tecnolog\u00eda de la exigencia de alto nivel para la producci\u00f3n de alta calidad. 6 Entradas SDI<\/p>\n","protected":false},"featured_media":118,"comment_status":"open","ping_status":"closed","template":"","meta":[],"product_brand":[],"product_cat":[17],"product_tag":[],"class_list":{"0":"post-117","1":"product","2":"type-product","3":"status-publish","6":"product_cat-switchtv","8":"first","9":"instock","10":"shipping-taxable","11":"purchasable","12":"product-type-simple"},"_links":{"self":[{"href":"https:\/\/web.massivoequiposvideoytv.com\/index.php?rest_route=\/wp\/v2\/product\/117","targetHints":{"allow":["GET"]}}],"collection":[{"href":"https:\/\/web.massivoequiposvideoytv.com\/index.php?rest_route=\/wp\/v2\/product"}],"about":[{"href":"https:\/\/web.massivoequiposvideoytv.com\/index.php?rest_route=\/wp\/v2\/types\/product"}],"replies":[{"embeddable":true,"href":"https:\/\/web.massivoequiposvideoytv.com\/index.php?rest_route=%2Fwp%2Fv2%2Fcomments&post=117"}],"wp:featuredmedia":[{"embeddable":true,"href":"https:\/\/web.massivoequiposvideoytv.com\/index.php?rest_route=\/wp\/v2\/media\/118"}],"wp:attachment":[{"href":"https:\/\/web.massivoequiposvideoytv.com\/index.php?rest_route=%2Fwp%2Fv2%2Fmedia&parent=117"}],"wp:term":[{"taxonomy":"product_brand","embeddable":true,"href":"https:\/\/web.massivoequiposvideoytv.com\/index.php?rest_route=%2Fwp%2Fv2%2Fproduct_brand&post=117"},{"taxonomy":"product_cat","embeddable":true,"href":"https:\/\/web.massivoequiposvideoytv.com\/index.php?rest_route=%2Fwp%2Fv2%2Fproduct_cat&post=117"},{"taxonomy":"product_tag","embeddable":true,"href":"https:\/\/web.massivoequiposvideoytv.com\/index.php?rest_route=%2Fwp%2Fv2%2Fproduct_tag&post=117"}],"curies":[{"name":"wp","href":"https:\/\/api.w.org\/{rel}","templated":true}]}}