{"id":178,"date":"2025-07-27T23:38:19","date_gmt":"2025-07-28T02:38:19","guid":{"rendered":"https:\/\/web.massivoequiposvideoytv.com\/?post_type=product&#038;p=178"},"modified":"2026-03-31T00:24:01","modified_gmt":"2026-03-31T03:24:01","slug":"liprouter-4g-5g-router-bonding","status":"publish","type":"product","link":"https:\/\/web.massivoequiposvideoytv.com\/?product=liprouter-4g-5g-router-bonding","title":{"rendered":"LipRouter 4G\/5G Router Bonding"},"content":{"rendered":"<p>LipRouter soporta hasta 7 BAMs x 4G\/5G y 1 conexi\u00f3n Gigabit Ethernet, admite la inserci\u00f3n simult\u00e1nea de tarjetas SIM de diferentes operadores y superpone ancho de banda para garantizar la estabilidad y confiabilidad de la transmisi\u00f3n de alta velocidad en un entorno de red d\u00e9bil que puede reducir de manera \u00f3ptima los datos de garant\u00eda de latencia.<\/p>\n<p>&#8211; Punto de acceso de red estable y de calidad<br \/>\n&#8211; Conexi\u00f3n s\u00faper r\u00e1pida<br \/>\n&#8211; Ancho de banda s\u00faper grande<br \/>\n&#8211; Asegurado para la transmisi\u00f3n de datos confidenciales<\/p>\n","protected":false},"excerpt":{"rendered":"<p>LipRouter soporta hasta 7 BAMs x 4G\/5G y 1 conexi\u00f3n Gigabit Ethernet, admite la inserci\u00f3n simult\u00e1nea de tarjetas SIM de diferentes operadores y superpone ancho de banda para garantizar la<\/p>\n","protected":false},"featured_media":179,"comment_status":"open","ping_status":"closed","template":"","meta":[],"product_brand":[],"product_cat":[21,19],"product_tag":[39,37,38,36,33,35],"class_list":{"0":"post-178","1":"product","2":"type-product","3":"status-publish","6":"product_cat-conectividad-y-enlace","7":"product_cat-encoder-decoder","8":"product_tag-encoder-video","9":"product_tag-h264","10":"product_tag-h265","11":"product_tag-iptv","12":"product_tag-streaming","13":"product_tag-video-decoder","15":"first","16":"instock","17":"shipping-taxable","18":"purchasable","19":"product-type-simple"},"_links":{"self":[{"href":"https:\/\/web.massivoequiposvideoytv.com\/index.php?rest_route=\/wp\/v2\/product\/178","targetHints":{"allow":["GET"]}}],"collection":[{"href":"https:\/\/web.massivoequiposvideoytv.com\/index.php?rest_route=\/wp\/v2\/product"}],"about":[{"href":"https:\/\/web.massivoequiposvideoytv.com\/index.php?rest_route=\/wp\/v2\/types\/product"}],"replies":[{"embeddable":true,"href":"https:\/\/web.massivoequiposvideoytv.com\/index.php?rest_route=%2Fwp%2Fv2%2Fcomments&post=178"}],"wp:featuredmedia":[{"embeddable":true,"href":"https:\/\/web.massivoequiposvideoytv.com\/index.php?rest_route=\/wp\/v2\/media\/179"}],"wp:attachment":[{"href":"https:\/\/web.massivoequiposvideoytv.com\/index.php?rest_route=%2Fwp%2Fv2%2Fmedia&parent=178"}],"wp:term":[{"taxonomy":"product_brand","embeddable":true,"href":"https:\/\/web.massivoequiposvideoytv.com\/index.php?rest_route=%2Fwp%2Fv2%2Fproduct_brand&post=178"},{"taxonomy":"product_cat","embeddable":true,"href":"https:\/\/web.massivoequiposvideoytv.com\/index.php?rest_route=%2Fwp%2Fv2%2Fproduct_cat&post=178"},{"taxonomy":"product_tag","embeddable":true,"href":"https:\/\/web.massivoequiposvideoytv.com\/index.php?rest_route=%2Fwp%2Fv2%2Fproduct_tag&post=178"}],"curies":[{"name":"wp","href":"https:\/\/api.w.org\/{rel}","templated":true}]}}