{"id":194,"date":"2025-07-28T00:28:40","date_gmt":"2025-07-28T03:28:40","guid":{"rendered":"https:\/\/web.massivoequiposvideoytv.com\/?post_type=product&#038;p=194"},"modified":"2025-07-28T00:28:46","modified_gmt":"2025-07-28T03:28:46","slug":"teleprompter-t315sv2","status":"publish","type":"product","link":"https:\/\/web.massivoequiposvideoytv.com\/?product=teleprompter-t315sv2","title":{"rendered":"Teleprompter T315Sv2"},"content":{"rendered":"<p>Herramienta imprescindible en grabaciones de discurso de presidentes y gerentes, comunicaci\u00f3n interna y externa, exposiciones, presentadores de tv, l\u00edneas de actores, cantantes, periodistas, estudio de TV en vivo, Broadcast, y m\u00e1s.<\/p>\n<p>Incluye: Software free + Atril porta Telepromter.<\/p>\n","protected":false},"excerpt":{"rendered":"<p>Herramienta imprescindible en grabaciones de discurso de presidentes y gerentes, comunicaci\u00f3n interna y externa, exposiciones, presentadores de tv, l\u00edneas de actores, cantantes, periodistas, estudio de TV en vivo, Broadcast, y<\/p>\n","protected":false},"featured_media":195,"comment_status":"open","ping_status":"closed","template":"","meta":[],"product_brand":[],"product_cat":[43],"product_tag":[45,46,47,44],"class_list":{"0":"post-194","1":"product","2":"type-product","3":"status-publish","6":"product_cat-teleprompter","7":"product_tag-promter","8":"product_tag-sonoprompter","9":"product_tag-stagepromter","10":"product_tag-teleprompter","12":"first","13":"instock","14":"shipping-taxable","15":"purchasable","16":"product-type-simple"},"_links":{"self":[{"href":"https:\/\/web.massivoequiposvideoytv.com\/index.php?rest_route=\/wp\/v2\/product\/194","targetHints":{"allow":["GET"]}}],"collection":[{"href":"https:\/\/web.massivoequiposvideoytv.com\/index.php?rest_route=\/wp\/v2\/product"}],"about":[{"href":"https:\/\/web.massivoequiposvideoytv.com\/index.php?rest_route=\/wp\/v2\/types\/product"}],"replies":[{"embeddable":true,"href":"https:\/\/web.massivoequiposvideoytv.com\/index.php?rest_route=%2Fwp%2Fv2%2Fcomments&post=194"}],"wp:featuredmedia":[{"embeddable":true,"href":"https:\/\/web.massivoequiposvideoytv.com\/index.php?rest_route=\/wp\/v2\/media\/195"}],"wp:attachment":[{"href":"https:\/\/web.massivoequiposvideoytv.com\/index.php?rest_route=%2Fwp%2Fv2%2Fmedia&parent=194"}],"wp:term":[{"taxonomy":"product_brand","embeddable":true,"href":"https:\/\/web.massivoequiposvideoytv.com\/index.php?rest_route=%2Fwp%2Fv2%2Fproduct_brand&post=194"},{"taxonomy":"product_cat","embeddable":true,"href":"https:\/\/web.massivoequiposvideoytv.com\/index.php?rest_route=%2Fwp%2Fv2%2Fproduct_cat&post=194"},{"taxonomy":"product_tag","embeddable":true,"href":"https:\/\/web.massivoequiposvideoytv.com\/index.php?rest_route=%2Fwp%2Fv2%2Fproduct_tag&post=194"}],"curies":[{"name":"wp","href":"https:\/\/api.w.org\/{rel}","templated":true}]}}