{"id":207,"date":"2025-07-28T05:24:23","date_gmt":"2025-07-28T08:24:23","guid":{"rendered":"https:\/\/web.massivoequiposvideoytv.com\/?post_type=product&#038;p=207"},"modified":"2025-10-25T17:25:53","modified_gmt":"2025-10-25T20:25:53","slug":"camara-4k-eptz-podcast-educacion-conferencias-av","status":"publish","type":"product","link":"https:\/\/web.massivoequiposvideoytv.com\/?product=camara-4k-eptz-podcast-educacion-conferencias-av","title":{"rendered":"C\u00e1mara 4K ePTZ Podcast, Educaci\u00f3n, Conferencias AV"},"content":{"rendered":"<p>C\u00e1mara 4K ePTZ con funci\u00f3n integrada de audio y video, dise\u00f1o de estructura compacta, dise\u00f1o de apariencia totalmente met\u00e1lica, la c\u00e1mara adopta la nueva generaci\u00f3n de sensor de imagen 4K Exmor de 1\/2,5 pulgadas de Sony con lente de enfoque autom\u00e1tico ultra gran angular de 130 grados incorporada, f\u00e1cil de operar, admite salida de video simult\u00e1nea de interfaz dual USB3.0 y HDMI, la resoluci\u00f3n m\u00e1xima es 4K a 30 FPS y el formato de video 1080P admite zoom digital 4X, micr\u00f3fono de alta fidelidad incorporado, distancia m\u00e1xima de captaci\u00f3n de hasta 8 metros, sin necesidad de instalar ning\u00fan controlador, compatible con varios videos comunes Software de producci\u00f3n y conferencias, con baja iluminaci\u00f3n, baja latencia, calidad de imagen n\u00edtida y funciones de calidad de video delicadas. Se puede configurar con un \u00e1ngulo vertical de 30 \u00b0 Soporte ajustable, compatible con computadoras de escritorio, computadoras \/ port\u00e1tiles, pantallas grandes, monitores y otras capturas de video y aplicaciones. Puede satisfacer totalmente la demanda de conferencias, telemedicina, educaci\u00f3n, reclutamiento remoto, sistema judicial y aplicaciones de transmisi\u00f3n en vivo.<\/p>\n","protected":false},"excerpt":{"rendered":"<p>C\u00e1mara 4K ePTZ con funci\u00f3n integrada de audio y video, dise\u00f1o de estructura compacta, dise\u00f1o de apariencia totalmente met\u00e1lica, la c\u00e1mara adopta la nueva generaci\u00f3n de sensor de imagen 4K<\/p>\n","protected":false},"featured_media":208,"comment_status":"open","ping_status":"closed","template":"","meta":[],"product_brand":[],"product_cat":[16],"product_tag":[28,33,31,24],"class_list":{"0":"post-207","1":"product","2":"type-product","3":"status-publish","6":"product_cat-camara","7":"product_tag-camara-ptz","8":"product_tag-streaming","9":"product_tag-video-conferencia","10":"product_tag-vodcast","12":"first","13":"instock","14":"shipping-taxable","15":"purchasable","16":"product-type-simple"},"_links":{"self":[{"href":"https:\/\/web.massivoequiposvideoytv.com\/index.php?rest_route=\/wp\/v2\/product\/207","targetHints":{"allow":["GET"]}}],"collection":[{"href":"https:\/\/web.massivoequiposvideoytv.com\/index.php?rest_route=\/wp\/v2\/product"}],"about":[{"href":"https:\/\/web.massivoequiposvideoytv.com\/index.php?rest_route=\/wp\/v2\/types\/product"}],"replies":[{"embeddable":true,"href":"https:\/\/web.massivoequiposvideoytv.com\/index.php?rest_route=%2Fwp%2Fv2%2Fcomments&post=207"}],"wp:featuredmedia":[{"embeddable":true,"href":"https:\/\/web.massivoequiposvideoytv.com\/index.php?rest_route=\/wp\/v2\/media\/208"}],"wp:attachment":[{"href":"https:\/\/web.massivoequiposvideoytv.com\/index.php?rest_route=%2Fwp%2Fv2%2Fmedia&parent=207"}],"wp:term":[{"taxonomy":"product_brand","embeddable":true,"href":"https:\/\/web.massivoequiposvideoytv.com\/index.php?rest_route=%2Fwp%2Fv2%2Fproduct_brand&post=207"},{"taxonomy":"product_cat","embeddable":true,"href":"https:\/\/web.massivoequiposvideoytv.com\/index.php?rest_route=%2Fwp%2Fv2%2Fproduct_cat&post=207"},{"taxonomy":"product_tag","embeddable":true,"href":"https:\/\/web.massivoequiposvideoytv.com\/index.php?rest_route=%2Fwp%2Fv2%2Fproduct_tag&post=207"}],"curies":[{"name":"wp","href":"https:\/\/api.w.org\/{rel}","templated":true}]}}