{"id":238,"date":"2025-08-03T22:11:30","date_gmt":"2025-08-04T01:11:30","guid":{"rendered":"https:\/\/web.massivoequiposvideoytv.com\/?post_type=product&#038;p=238"},"modified":"2026-03-31T00:24:01","modified_gmt":"2026-03-31T03:24:01","slug":"codificador-8-entradas-hdmi-a-iptv","status":"publish","type":"product","link":"https:\/\/web.massivoequiposvideoytv.com\/?product=codificador-8-entradas-hdmi-a-iptv","title":{"rendered":"Codificador 8 entradas HDMI a IPTV"},"content":{"rendered":"<p>Transmite simult\u00e1neamente 8 se\u00f1ales de video por HDMI a VIDEO IP, perfecto para ofrecer multiples canales de tv a plataformas de IPTV de terceros o propia.<\/p>\n<p>Dirigido a peque\u00f1os, medianos y grandes operadores de TV por IP.<\/p>\n<p><strong>Caracter\u00edsticas<\/strong>:<\/p>\n<p>Entradas: 8 x HDMI (audio integrado)<\/p>\n<p>Protocolos de transmisi\u00f3n: HTTP, RTSP, RTMP(S), SRT, HLS(M3U8), ONVIF, UDP, RTP, FLV, MP4, etc.<\/p>\n<p>Codificaci\u00f3n de audio: AAC, AAC+, AAC++, MP3, MP2, AC3, Opus, G.711<\/p>\n<p>Control de velocidad de bits: Ajustable de 32 kbit\/s a 32 Mbps, modos de control CBR (fuerte) y VBR.<\/p>\n<p>Resoluci\u00f3n de v\u00eddeo: M\u00e1x. 1920&#215;1080 a 60 Hz (entrada y salida); la resoluci\u00f3n de salida es ajustable.<\/p>\n<p>OSD: Admite la adici\u00f3n de logotipo, texto, texto desplazable y tiempo en el v\u00eddeo mostrado.<\/p>\n<p>Personalizaci\u00f3n: Ofrece diversos tipos de ODM (Shell, logotipo, funci\u00f3n, idioma, etc.).<\/p>\n<p>Panel de control: Web, comandos CGI, compatible con control remoto por red de \u00e1rea amplia (WAN).<\/p>\n","protected":false},"excerpt":{"rendered":"<p>8 canales HEVC H.264 H.265 HD HDMI a IP codificador de v\u00eddeo IPTV codificador de transmisi\u00f3n en vivo codificadores HD con UDP HLS RTMP RTSP SRT ONVIF<\/p>\n","protected":false},"featured_media":239,"comment_status":"open","ping_status":"closed","template":"","meta":[],"product_brand":[],"product_cat":[21,19],"product_tag":[34,57,39,48,37,38,36,58,42,33],"class_list":{"0":"post-238","1":"product","2":"type-product","3":"status-publish","6":"product_cat-conectividad-y-enlace","7":"product_cat-encoder-decoder","8":"product_tag-broadcast","9":"product_tag-cable-operador","10":"product_tag-encoder-video","11":"product_tag-evento","12":"product_tag-h264","13":"product_tag-h265","14":"product_tag-iptv","15":"product_tag-smartv","16":"product_tag-stream-server","17":"product_tag-streaming","19":"first","20":"instock","21":"shipping-taxable","22":"purchasable","23":"product-type-simple"},"_links":{"self":[{"href":"https:\/\/web.massivoequiposvideoytv.com\/index.php?rest_route=\/wp\/v2\/product\/238","targetHints":{"allow":["GET"]}}],"collection":[{"href":"https:\/\/web.massivoequiposvideoytv.com\/index.php?rest_route=\/wp\/v2\/product"}],"about":[{"href":"https:\/\/web.massivoequiposvideoytv.com\/index.php?rest_route=\/wp\/v2\/types\/product"}],"replies":[{"embeddable":true,"href":"https:\/\/web.massivoequiposvideoytv.com\/index.php?rest_route=%2Fwp%2Fv2%2Fcomments&post=238"}],"wp:featuredmedia":[{"embeddable":true,"href":"https:\/\/web.massivoequiposvideoytv.com\/index.php?rest_route=\/wp\/v2\/media\/239"}],"wp:attachment":[{"href":"https:\/\/web.massivoequiposvideoytv.com\/index.php?rest_route=%2Fwp%2Fv2%2Fmedia&parent=238"}],"wp:term":[{"taxonomy":"product_brand","embeddable":true,"href":"https:\/\/web.massivoequiposvideoytv.com\/index.php?rest_route=%2Fwp%2Fv2%2Fproduct_brand&post=238"},{"taxonomy":"product_cat","embeddable":true,"href":"https:\/\/web.massivoequiposvideoytv.com\/index.php?rest_route=%2Fwp%2Fv2%2Fproduct_cat&post=238"},{"taxonomy":"product_tag","embeddable":true,"href":"https:\/\/web.massivoequiposvideoytv.com\/index.php?rest_route=%2Fwp%2Fv2%2Fproduct_tag&post=238"}],"curies":[{"name":"wp","href":"https:\/\/api.w.org\/{rel}","templated":true}]}}