{"id":301,"date":"2026-03-31T03:16:26","date_gmt":"2026-03-31T06:16:26","guid":{"rendered":"https:\/\/web.massivoequiposvideoytv.com\/?post_type=product&#038;p=301"},"modified":"2026-04-08T14:16:54","modified_gmt":"2026-04-08T17:16:54","slug":"soporte-de-microfono-con-mango-superior-xlr-h1-sony","status":"publish","type":"product","link":"https:\/\/web.massivoequiposvideoytv.com\/?product=soporte-de-microfono-con-mango-superior-xlr-h1-sony","title":{"rendered":"Soporte de micr\u00f3fono con mango superior XLR-H1 Sony"},"content":{"rendered":"<p>Soporte de micr\u00f3fono con mango superior XLR-H1 XLR para accesorios de c\u00e1mara Sony ilme FX3 ilme fx30<\/p>\n","protected":false},"excerpt":{"rendered":"<p><strong>VALOR INCLUYE ENV\u00cdO en <\/strong><strong>MONEDA<\/strong>: D\u00f3lar EE.UU.<\/p>\n<p><strong>DESPACHO<\/strong>: de 10 a 15 d\u00edas h\u00e1biles.<\/p>\n<p>XLR para accesorios de c\u00e1mara Sony ilme FX3 ilme fx30<\/p>\n","protected":false},"featured_media":302,"comment_status":"open","ping_status":"closed","template":"","meta":[],"product_brand":[86],"product_cat":[83],"product_tag":[],"class_list":{"0":"post-301","1":"product","2":"type-product","3":"status-publish","6":"product_brand-sony","7":"product_cat-accesorioscamaras","8":"product_shipping_class-envio-internacional","10":"first","11":"instock","12":"shipping-taxable","13":"purchasable","14":"product-type-simple"},"_links":{"self":[{"href":"https:\/\/web.massivoequiposvideoytv.com\/index.php?rest_route=\/wp\/v2\/product\/301","targetHints":{"allow":["GET"]}}],"collection":[{"href":"https:\/\/web.massivoequiposvideoytv.com\/index.php?rest_route=\/wp\/v2\/product"}],"about":[{"href":"https:\/\/web.massivoequiposvideoytv.com\/index.php?rest_route=\/wp\/v2\/types\/product"}],"replies":[{"embeddable":true,"href":"https:\/\/web.massivoequiposvideoytv.com\/index.php?rest_route=%2Fwp%2Fv2%2Fcomments&post=301"}],"wp:featuredmedia":[{"embeddable":true,"href":"https:\/\/web.massivoequiposvideoytv.com\/index.php?rest_route=\/wp\/v2\/media\/302"}],"wp:attachment":[{"href":"https:\/\/web.massivoequiposvideoytv.com\/index.php?rest_route=%2Fwp%2Fv2%2Fmedia&parent=301"}],"wp:term":[{"taxonomy":"product_brand","embeddable":true,"href":"https:\/\/web.massivoequiposvideoytv.com\/index.php?rest_route=%2Fwp%2Fv2%2Fproduct_brand&post=301"},{"taxonomy":"product_cat","embeddable":true,"href":"https:\/\/web.massivoequiposvideoytv.com\/index.php?rest_route=%2Fwp%2Fv2%2Fproduct_cat&post=301"},{"taxonomy":"product_tag","embeddable":true,"href":"https:\/\/web.massivoequiposvideoytv.com\/index.php?rest_route=%2Fwp%2Fv2%2Fproduct_tag&post=301"}],"curies":[{"name":"wp","href":"https:\/\/api.w.org\/{rel}","templated":true}]}}