{"id":76,"date":"2025-07-27T09:03:40","date_gmt":"2025-07-27T09:03:40","guid":{"rendered":"https:\/\/web.massivoequiposvideoytv.com\/?post_type=product&#038;p=76"},"modified":"2025-07-28T07:32:32","modified_gmt":"2025-07-28T10:32:32","slug":"nscaster-x1","status":"publish","type":"product","link":"https:\/\/web.massivoequiposvideoytv.com\/?product=nscaster-x1","title":{"rendered":"NSCaster X1"},"content":{"rendered":"<p data-start=\"98\" data-end=\"174\"><span class=\"relative -mx-px my-[-0.2rem] rounded px-px py-[0.2rem] transition-colors duration-100 ease-in-out\">El <strong data-start=\"3\" data-end=\"18\">NSCaster\u202fX1<\/strong>, de Nagasoft, es una <strong data-start=\"40\" data-end=\"109\">soluci\u00f3n port\u00e1til e integrada para producci\u00f3n audiovisual en vivo<\/strong>, con pantalla t\u00e1ctil Full\u202fHD de 11,6\u2033 que combina en un solo equipo funciones de mezcla, grabaci\u00f3n, streaming y control de c\u00e1maras<\/span><\/p>\n<h3 data-start=\"176\" data-end=\"214\">\ud83c\udfa5 Entradas y salidas vers\u00e1tiles<\/h3>\n<ul data-start=\"215\" data-end=\"374\">\n<li data-start=\"215\" data-end=\"295\">\n<p data-start=\"217\" data-end=\"295\"><span class=\"relative -mx-px my-[-0.2rem] rounded px-px py-[0.2rem] transition-colors duration-100 ease-in-out\">Soporta <strong data-start=\"8\" data-end=\"48\">hasta 4 fuentes de video simult\u00e1neas<\/strong>: <strong data-start=\"50\" data-end=\"86\">2 entradas SDI (3G\u2011SDI) y 2 HDMI<\/strong>, adem\u00e1s de fuentes de red (NET, NDI|HX, RTP\/SRT) y DDR interno<\/span><\/p>\n<\/li>\n<li data-start=\"296\" data-end=\"374\">\n<p data-start=\"298\" data-end=\"374\"><span class=\"relative -mx-px my-[-0.2rem] rounded px-px py-[0.2rem] transition-colors duration-100 ease-in-out\">Salidas programables a <strong data-start=\"23\" data-end=\"36\">SDI, HDMI<\/strong> o IP (NDI|HX) para distribuci\u00f3n profesional<\/span><\/p>\n<\/li>\n<\/ul>\n<h3 data-start=\"376\" data-end=\"411\">\ud83d\udda5\ufe0f Interfaz t\u00e1ctil intuitiva<\/h3>\n<ul data-start=\"412\" data-end=\"490\">\n<li data-start=\"412\" data-end=\"490\">\n<p data-start=\"414\" data-end=\"490\"><span class=\"relative -mx-px my-[-0.2rem] rounded px-px py-[0.2rem] transition-colors duration-100 ease-in-out\">Pantalla de 11,6\u2033 Full\u202fHD con una interfaz dise\u00f1ada para operaci\u00f3n directa: selecciona fuentes con un toque y empieza tu programa (PGM) sin demoras.<\/span><\/p>\n<\/li>\n<\/ul>\n<h3 data-start=\"492\" data-end=\"531\">\ud83d\udd09 Mezcla y efectos audiovisuales<\/h3>\n<ul data-start=\"532\" data-end=\"656\">\n<li data-start=\"532\" data-end=\"573\">\n<p data-start=\"534\" data-end=\"573\"><span class=\"relative -mx-px my-[-0.2rem] rounded px-px py-[0.2rem] transition-colors duration-100 ease-in-out\">Mixer integrado con entradas <strong data-start=\"29\" data-end=\"42\">XLR y TRS<\/strong>, control de volumen, mute y mezclas avanzadas.<\/span><\/p>\n<\/li>\n<li data-start=\"574\" data-end=\"656\">\n<p data-start=\"576\" data-end=\"656\"><span class=\"relative -mx-px my-[-0.2rem] rounded px-px py-[0.2rem] transition-colors duration-100 ease-in-out\">Funciones creativas como <strong data-start=\"25\" data-end=\"81\">transiciones, superposici\u00f3n de im\u00e1genes (CG overlay)<\/strong>, <strong data-start=\"83\" data-end=\"111\">picture\u2011in\u2011picture (PIP)<\/strong> y plantillas de marcador de puntuaci\u00f3n para eventos deportivos<\/span><\/p>\n<\/li>\n<\/ul>\n<h3 data-start=\"658\" data-end=\"699\">\ud83d\udcbe Grabaci\u00f3n y streaming multicanal<\/h3>\n<ul data-start=\"700\" data-end=\"867\">\n<li data-start=\"700\" data-end=\"784\">\n<p data-start=\"702\" data-end=\"784\"><span class=\"relative -mx-px my-[-0.2rem] rounded px-px py-[0.2rem] transition-colors duration-100 ease-in-out\">Capacidad para grabar <strong data-start=\"22\" data-end=\"66\">hasta 6 canales de video simult\u00e1neamente<\/strong>, incluyendo entradas SDI, HDMI, NET y PGM, en su SSD interno (hasta 500\u202fGB) con protecci\u00f3n ante p\u00e9rdida de energ\u00eda<\/span><\/p>\n<\/li>\n<li data-start=\"785\" data-end=\"867\">\n<p data-start=\"787\" data-end=\"867\"><span class=\"relative -mx-px my-[-0.2rem] rounded px-px py-[0.2rem] transition-colors duration-100 ease-in-out\">Streaming directo a m\u00faltiples plataformas (YouTube, Facebook, RTMP, Mudu, entre otras) con solo un clic<\/span><\/p>\n<\/li>\n<\/ul>\n<h3 data-start=\"869\" data-end=\"899\">\ud83c\udf10 Conectividad flexible<\/h3>\n<ul data-start=\"900\" data-end=\"1067\">\n<li data-start=\"900\" data-end=\"984\">\n<p data-start=\"902\" data-end=\"984\"><span class=\"relative -mx-px my-[-0.2rem] rounded px-px py-[0.2rem] transition-colors duration-100 ease-in-out\">Incluye conexi\u00f3n <strong data-start=\"17\" data-end=\"48\">Ethernet, Wi-Fi y m\u00f3dulo 4G<\/strong>, con versi\u00f3n opcional de <strong data-start=\"74\" data-end=\"115\">bonding 4G para combinar hasta 3 SIMs<\/strong> y asegurar transmisi\u00f3n estable en campo<\/span><\/p>\n<\/li>\n<li data-start=\"985\" data-end=\"1067\">\n<p data-start=\"987\" data-end=\"1067\"><span class=\"relative -mx-px my-[-0.2rem] rounded px-px py-[0.2rem] transition-colors duration-100 ease-in-out\">Permite conexi\u00f3n inal\u00e1mbrica con smartphones o c\u00e1maras NDI mediante c\u00f3digos QR o director ID (Live+), facilitando configuraciones sin cableado<\/span><\/p>\n<\/li>\n<\/ul>\n<h3 data-start=\"1069\" data-end=\"1101\">\ud83c\udf9e\ufe0f Control de c\u00e1maras PTZ<\/h3>\n<ul data-start=\"1102\" data-end=\"1184\">\n<li data-start=\"1102\" data-end=\"1184\">\n<p data-start=\"1104\" data-end=\"1184\"><span class=\"relative -mx-px my-[-0.2rem] rounded px-px py-[0.2rem] transition-colors duration-100 ease-in-out\">Compatible con c\u00e1maras PTZ: permite controlar zoom, enfoque, apertura y movimientos (pan\/tilt) directamente desde su interfaz t\u00e1ctil<\/span><\/p>\n<\/li>\n<\/ul>\n<hr data-start=\"1186\" data-end=\"1189\" \/>\n<h3 data-start=\"1191\" data-end=\"1204\">\u2705 Resumen<\/h3>\n<div class=\"_tableContainer_80l1q_1\">\n<div class=\"_tableWrapper_80l1q_14 group flex w-fit flex-col-reverse\" tabindex=\"-1\">\n<table class=\"w-fit min-w-(--thread-content-width)\" data-start=\"1206\" data-end=\"2302\">\n<thead data-start=\"1206\" data-end=\"1305\">\n<tr data-start=\"1206\" data-end=\"1305\">\n<th data-start=\"1206\" data-end=\"1230\" data-col-size=\"sm\">Caracter\u00edstica<\/th>\n<th data-start=\"1230\" data-end=\"1305\" data-col-size=\"md\">Detalle<\/th>\n<\/tr>\n<\/thead>\n<tbody data-start=\"1406\" data-end=\"2302\">\n<tr data-start=\"1406\" data-end=\"1505\">\n<td data-start=\"1406\" data-end=\"1430\" data-col-size=\"sm\">Pantalla<\/td>\n<td data-start=\"1430\" data-end=\"1505\" data-col-size=\"md\">T\u00e1ctil Full HD de 11,6\u2033<\/td>\n<\/tr>\n<tr data-start=\"1506\" data-end=\"1605\">\n<td data-start=\"1506\" data-end=\"1530\" data-col-size=\"sm\">Entradas de video<\/td>\n<td data-start=\"1530\" data-end=\"1605\" data-col-size=\"md\">2x SDI + 2x HDMI + IP\/NET\/NDI\/SRT\/DVR<\/td>\n<\/tr>\n<tr data-start=\"1606\" data-end=\"1705\">\n<td data-start=\"1606\" data-end=\"1630\" data-col-size=\"sm\">Salidas de video<\/td>\n<td data-start=\"1630\" data-end=\"1650\" data-col-size=\"md\">SDI, HDMI, IP (NDI<\/td>\n<\/tr>\n<tr data-start=\"1706\" data-end=\"1804\">\n<td data-start=\"1706\" data-end=\"1730\" data-col-size=\"sm\">Audio<\/td>\n<td data-col-size=\"md\" data-start=\"1730\" data-end=\"1804\">Mezclador con XLR y TRS, salida anal\u00f3gica y monitorizaci\u00f3n<\/td>\n<\/tr>\n<tr data-start=\"1805\" data-end=\"1904\">\n<td data-start=\"1805\" data-end=\"1829\" data-col-size=\"sm\">Grabaci\u00f3n interna<\/td>\n<td data-start=\"1829\" data-end=\"1904\" data-col-size=\"md\">Hasta 6 canales simult\u00e1neos en SSD de 500\u202fGB<\/td>\n<\/tr>\n<tr data-start=\"1905\" data-end=\"2003\">\n<td data-start=\"1905\" data-end=\"1929\" data-col-size=\"sm\">Streaming<\/td>\n<td data-start=\"1929\" data-end=\"2003\" data-col-size=\"md\">Multiplataforma con RTMP\/NDI, mediante conexi\u00f3n LAN, Wi-Fi o 4G<\/td>\n<\/tr>\n<tr data-start=\"2004\" data-end=\"2103\">\n<td data-start=\"2004\" data-end=\"2028\" data-col-size=\"sm\">Efectos y gr\u00e1ficos<\/td>\n<td data-start=\"2028\" data-end=\"2103\" data-col-size=\"md\">Transiciones, superposiciones, PIP, marcador deportivo<\/td>\n<\/tr>\n<tr data-start=\"2104\" data-end=\"2202\">\n<td data-start=\"2104\" data-end=\"2128\" data-col-size=\"sm\">Conectividad m\u00f3vil<\/td>\n<td data-start=\"2128\" data-end=\"2180\" data-col-size=\"md\">Bonding 4G, Wi-Fi, LAN, control con smartphone NDI<\/td>\n<\/tr>\n<tr data-start=\"2203\" data-end=\"2302\">\n<td data-start=\"2203\" data-end=\"2227\" data-col-size=\"sm\">Control PTZ<\/td>\n<td data-start=\"2227\" data-end=\"2302\" data-col-size=\"md\">S\u00ed, compatible con c\u00e1maras PTZ para posicionamiento y zoom<\/td>\n<\/tr>\n<\/tbody>\n<\/table>\n<div class=\"sticky end-(--thread-content-margin) h-0 self-end select-none\">\n<div class=\"absolute end-0 flex items-end\"><\/div>\n<\/div>\n<\/div>\n<\/div>\n<hr data-start=\"2304\" data-end=\"2307\" \/>\n<p data-start=\"2309\" data-end=\"2516\">Con el <strong data-start=\"2316\" data-end=\"2331\">NSCaster\u202fX1<\/strong>, tienes un centro de producci\u00f3n m\u00f3vil, eficiente y profesional en tus manos. Es ideal para transmisiones de eventos, producciones multic\u00e1mara, streaming profesional y estudios m\u00f3viles.<\/p>\n","protected":false},"excerpt":{"rendered":"<p>La NSCaster X1 es una tableta de navegaci\u00f3n altamente integrada con un monitor t\u00e1ctil Full HD de 11,6 pulgadas. Su dise\u00f1o sofisticado permite la conmutaci\u00f3n multicanal, grabaci\u00f3n, transmisi\u00f3n, mezclador de audio, efectos especiales y monitoreo. Tambi\u00e9n cuenta con m\u00f3dulos Ethernet, Wi-Fi y 4G integrados para satisfacer las necesidades de transmisiones web en diferentes ocasiones.<\/p>\n","protected":false},"featured_media":77,"comment_status":"open","ping_status":"closed","template":"","meta":[],"product_brand":[],"product_cat":[17],"product_tag":[22,25,23,24],"class_list":{"0":"post-76","1":"product","2":"type-product","3":"status-publish","6":"product_cat-switchtv","7":"product_tag-nscaster-x1","8":"product_tag-podcast","9":"product_tag-switch-de-video","10":"product_tag-vodcast","12":"first","13":"instock","14":"shipping-taxable","15":"purchasable","16":"product-type-simple"},"_links":{"self":[{"href":"https:\/\/web.massivoequiposvideoytv.com\/index.php?rest_route=\/wp\/v2\/product\/76","targetHints":{"allow":["GET"]}}],"collection":[{"href":"https:\/\/web.massivoequiposvideoytv.com\/index.php?rest_route=\/wp\/v2\/product"}],"about":[{"href":"https:\/\/web.massivoequiposvideoytv.com\/index.php?rest_route=\/wp\/v2\/types\/product"}],"replies":[{"embeddable":true,"href":"https:\/\/web.massivoequiposvideoytv.com\/index.php?rest_route=%2Fwp%2Fv2%2Fcomments&post=76"}],"wp:featuredmedia":[{"embeddable":true,"href":"https:\/\/web.massivoequiposvideoytv.com\/index.php?rest_route=\/wp\/v2\/media\/77"}],"wp:attachment":[{"href":"https:\/\/web.massivoequiposvideoytv.com\/index.php?rest_route=%2Fwp%2Fv2%2Fmedia&parent=76"}],"wp:term":[{"taxonomy":"product_brand","embeddable":true,"href":"https:\/\/web.massivoequiposvideoytv.com\/index.php?rest_route=%2Fwp%2Fv2%2Fproduct_brand&post=76"},{"taxonomy":"product_cat","embeddable":true,"href":"https:\/\/web.massivoequiposvideoytv.com\/index.php?rest_route=%2Fwp%2Fv2%2Fproduct_cat&post=76"},{"taxonomy":"product_tag","embeddable":true,"href":"https:\/\/web.massivoequiposvideoytv.com\/index.php?rest_route=%2Fwp%2Fv2%2Fproduct_tag&post=76"}],"curies":[{"name":"wp","href":"https:\/\/api.w.org\/{rel}","templated":true}]}}